{"id":1031,"date":"2019-05-06T15:32:23","date_gmt":"2019-05-06T13:32:23","guid":{"rendered":"https:\/\/lavendelnaturhaus.com\/?page_id=1031"},"modified":"2019-08-14T10:29:23","modified_gmt":"2019-08-14T08:29:23","slug":"oferta","status":"publish","type":"page","link":"https:\/\/lavendelnaturhaus.com\/de\/oferta\/","title":{"rendered":"Oferta"},"content":{"rendered":"<p class=\"qtranxs-available-languages-message qtranxs-available-languages-message-de\">Leider ist der Eintrag nur auf <a href=\"https:\/\/lavendelnaturhaus.com\/pl\/wp-json\/wp\/v2\/pages\/1031\" class=\"qtranxs-available-language-link qtranxs-available-language-link-pl\" title=\"Polski\">Polnisch<\/a> verf\u00fcgbar.<\/p>","protected":false},"excerpt":{"rendered":"<p>Leider ist der Eintrag nur auf Polnisch verf\u00fcgbar.<\/p>\n","protected":false},"author":1,"featured_media":0,"parent":0,"menu_order":0,"comment_status":"closed","ping_status":"closed","template":"","meta":{"footnotes":""},"yoast_head":"<!-- This site is optimized with the Yoast SEO plugin v21.5 - https:\/\/yoast.com\/wordpress\/plugins\/seo\/ -->\n<title>Oferta - Lavendel NaturHaus \u2022 Myd\u0142a lawendowe \u2022 Bukiet lawendy \u2022 Kule<\/title>\n<meta name=\"description\" content=\"W naszym sklepie znajd\u0105 Pa\u0144stwo kosmetyki \u2713 myd\u0142a lawendowe \u2713 sadzonki lawendy \u2713 pachnid\u0142a \u2713 olejki eteryczne \u2713 maceraty \u2713\" \/>\n<meta name=\"robots\" content=\"index, follow, max-snippet:-1, max-image-preview:large, max-video-preview:-1\" \/>\n<link rel=\"canonical\" href=\"https:\/\/lavendelnaturhaus.com\/oferta\/\" \/>\n<meta property=\"og:locale\" content=\"de_DE\" \/>\n<meta property=\"og:type\" content=\"article\" \/>\n<meta property=\"og:title\" content=\"[:pl]Oferta - Lavendel NaturHaus \u2022 Myd\u0142a lawendowe \u2022 Bukiet lawendy \u2022 Kule[:]\" \/>\n<meta property=\"og:description\" content=\"{:pl}W naszym sklepie znajd\u0105 Pa\u0144stwo kosmetyki \u2713 myd\u0142a lawendowe \u2713 sadzonki lawendy \u2713 pachnid\u0142a \u2713 olejki eteryczne \u2713 maceraty \u2713 {:}\" \/>\n<meta property=\"og:url\" content=\"https:\/\/lavendelnaturhaus.com\/oferta\/\" \/>\n<meta property=\"og:site_name\" content=\"Lavendel NaturHaus - plantacja lawendy \u2022 sklep internetowy z kosmetykami z lawendy\" \/>\n<meta property=\"article:modified_time\" content=\"2019-08-14T08:29:23+00:00\" \/>\n<meta property=\"og:image\" content=\"https:\/\/lavendelnaturhaus.com\/wp-content\/uploads\/2019\/05\/woreczki-1.png\" \/>\n<meta name=\"twitter:card\" content=\"summary_large_image\" \/>\n<script type=\"application\/ld+json\" class=\"yoast-schema-graph\">{\"@context\":\"https:\/\/schema.org\",\"@graph\":[{\"@type\":\"WebPage\",\"@id\":\"https:\/\/lavendelnaturhaus.com\/oferta\/\",\"url\":\"https:\/\/lavendelnaturhaus.com\/oferta\/\",\"name\":\"[:pl]Oferta - Lavendel NaturHaus \u2022 Myd\u0142a lawendowe \u2022 Bukiet lawendy \u2022 Kule[:]\",\"isPartOf\":{\"@id\":\"https:\/\/lavendelnaturhaus.com\/#website\"},\"datePublished\":\"2019-05-06T13:32:23+00:00\",\"dateModified\":\"2019-08-14T08:29:23+00:00\",\"description\":\"{:pl}W naszym sklepie znajd\u0105 Pa\u0144stwo kosmetyki \u2713 myd\u0142a lawendowe \u2713 sadzonki lawendy \u2713 pachnid\u0142a \u2713 olejki eteryczne \u2713 maceraty \u2713 {:}\",\"breadcrumb\":{\"@id\":\"https:\/\/lavendelnaturhaus.com\/oferta\/#breadcrumb\"},\"inLanguage\":\"de\",\"potentialAction\":[{\"@type\":\"ReadAction\",\"target\":[\"https:\/\/lavendelnaturhaus.com\/oferta\/\"]}]},{\"@type\":\"BreadcrumbList\",\"@id\":\"https:\/\/lavendelnaturhaus.com\/oferta\/#breadcrumb\",\"itemListElement\":[{\"@type\":\"ListItem\",\"position\":1,\"name\":\"Strona g\u0142\u00f3wna\",\"item\":\"https:\/\/lavendelnaturhaus.com\/\"},{\"@type\":\"ListItem\",\"position\":2,\"name\":\"Oferta\"}]},{\"@type\":\"WebSite\",\"@id\":\"https:\/\/lavendelnaturhaus.com\/#website\",\"url\":\"https:\/\/lavendelnaturhaus.com\/\",\"name\":\"Lavendel NaturHaus - plantacja lawendy \u2022 sklep internetowy z kosmetykami z lawendy\",\"description\":\"Zapraszamy do zapoznania si\u0119 z ofert\u0105 sklepu online, a tak\u017ce zach\u0119camy do odwiedzenia naszej plantacji lawendy.\",\"potentialAction\":[{\"@type\":\"SearchAction\",\"target\":{\"@type\":\"EntryPoint\",\"urlTemplate\":\"https:\/\/lavendelnaturhaus.com\/?s={search_term_string}\"},\"query-input\":\"required name=search_term_string\"}],\"inLanguage\":\"de\"}]}<\/script>\n<!-- \/ Yoast SEO plugin. -->","yoast_head_json":{"title":"Oferta - Lavendel NaturHaus \u2022 Myd\u0142a lawendowe \u2022 Bukiet lawendy \u2022 Kule","description":"W naszym sklepie znajd\u0105 Pa\u0144stwo kosmetyki \u2713 myd\u0142a lawendowe \u2713 sadzonki lawendy \u2713 pachnid\u0142a \u2713 olejki eteryczne \u2713 maceraty \u2713","robots":{"index":"index","follow":"follow","max-snippet":"max-snippet:-1","max-image-preview":"max-image-preview:large","max-video-preview":"max-video-preview:-1"},"canonical":"https:\/\/lavendelnaturhaus.com\/oferta\/","og_locale":"de_DE","og_type":"article","og_title":"[:pl]Oferta - Lavendel NaturHaus \u2022 Myd\u0142a lawendowe \u2022 Bukiet lawendy \u2022 Kule[:]","og_description":"{:pl}W naszym sklepie znajd\u0105 Pa\u0144stwo kosmetyki \u2713 myd\u0142a lawendowe \u2713 sadzonki lawendy \u2713 pachnid\u0142a \u2713 olejki eteryczne \u2713 maceraty \u2713 {:}","og_url":"https:\/\/lavendelnaturhaus.com\/oferta\/","og_site_name":"Lavendel NaturHaus - plantacja lawendy \u2022 sklep internetowy z kosmetykami z lawendy","article_modified_time":"2019-08-14T08:29:23+00:00","og_image":[{"url":"https:\/\/lavendelnaturhaus.com\/wp-content\/uploads\/2019\/05\/woreczki-1.png"}],"twitter_card":"summary_large_image","schema":{"@context":"https:\/\/schema.org","@graph":[{"@type":"WebPage","@id":"https:\/\/lavendelnaturhaus.com\/oferta\/","url":"https:\/\/lavendelnaturhaus.com\/oferta\/","name":"[:pl]Oferta - Lavendel NaturHaus \u2022 Myd\u0142a lawendowe \u2022 Bukiet lawendy \u2022 Kule[:]","isPartOf":{"@id":"https:\/\/lavendelnaturhaus.com\/#website"},"datePublished":"2019-05-06T13:32:23+00:00","dateModified":"2019-08-14T08:29:23+00:00","description":"{:pl}W naszym sklepie znajd\u0105 Pa\u0144stwo kosmetyki \u2713 myd\u0142a lawendowe \u2713 sadzonki lawendy \u2713 pachnid\u0142a \u2713 olejki eteryczne \u2713 maceraty \u2713 {:}","breadcrumb":{"@id":"https:\/\/lavendelnaturhaus.com\/oferta\/#breadcrumb"},"inLanguage":"de","potentialAction":[{"@type":"ReadAction","target":["https:\/\/lavendelnaturhaus.com\/oferta\/"]}]},{"@type":"BreadcrumbList","@id":"https:\/\/lavendelnaturhaus.com\/oferta\/#breadcrumb","itemListElement":[{"@type":"ListItem","position":1,"name":"Strona g\u0142\u00f3wna","item":"https:\/\/lavendelnaturhaus.com\/"},{"@type":"ListItem","position":2,"name":"Oferta"}]},{"@type":"WebSite","@id":"https:\/\/lavendelnaturhaus.com\/#website","url":"https:\/\/lavendelnaturhaus.com\/","name":"Lavendel NaturHaus - plantacja lawendy \u2022 sklep internetowy z kosmetykami z lawendy","description":"Zapraszamy do zapoznania si\u0119 z ofert\u0105 sklepu online, a tak\u017ce zach\u0119camy do odwiedzenia naszej plantacji lawendy.","potentialAction":[{"@type":"SearchAction","target":{"@type":"EntryPoint","urlTemplate":"https:\/\/lavendelnaturhaus.com\/?s={search_term_string}"},"query-input":"required name=search_term_string"}],"inLanguage":"de"}]}},"_links":{"self":[{"href":"https:\/\/lavendelnaturhaus.com\/de\/wp-json\/wp\/v2\/pages\/1031"}],"collection":[{"href":"https:\/\/lavendelnaturhaus.com\/de\/wp-json\/wp\/v2\/pages"}],"about":[{"href":"https:\/\/lavendelnaturhaus.com\/de\/wp-json\/wp\/v2\/types\/page"}],"author":[{"embeddable":true,"href":"https:\/\/lavendelnaturhaus.com\/de\/wp-json\/wp\/v2\/users\/1"}],"replies":[{"embeddable":true,"href":"https:\/\/lavendelnaturhaus.com\/de\/wp-json\/wp\/v2\/comments?post=1031"}],"version-history":[{"count":11,"href":"https:\/\/lavendelnaturhaus.com\/de\/wp-json\/wp\/v2\/pages\/1031\/revisions"}],"predecessor-version":[{"id":1290,"href":"https:\/\/lavendelnaturhaus.com\/de\/wp-json\/wp\/v2\/pages\/1031\/revisions\/1290"}],"wp:attachment":[{"href":"https:\/\/lavendelnaturhaus.com\/de\/wp-json\/wp\/v2\/media?parent=1031"}],"curies":[{"name":"wp","href":"https:\/\/api.w.org\/{rel}","templated":true}]}}

<p class="qtranxs-available-languages-message qtranxs-available-languages-message-de">Leider ist der Eintrag nur auf <a href="https://lavendelnaturhaus.com/pl/wp-json/wp/v2/pages/1031" class="qtranxs-available-language-link qtranxs-available-language-link-pl" title="Polski">Polnisch</a> verfügbar.</p>

<p>Leider ist der Eintrag nur auf Polnisch verfügbar.</p>

<!-- This site is optimized with the Yoast SEO plugin v21.5 - https://yoast.com/wordpress/plugins/seo/ -->
<title>Oferta - Lavendel NaturHaus • Mydła lawendowe • Bukiet lawendy • Kule</title>
<meta name="description" content="W naszym sklepie znajdą Państwo kosmetyki ✓ mydła lawendowe ✓ sadzonki lawendy ✓ pachnidła ✓ olejki eteryczne ✓ maceraty ✓" />
<meta name="robots" content="index, follow, max-snippet:-1, max-image-preview:large, max-video-preview:-1" />
<link rel="canonical" href="https://lavendelnaturhaus.com/oferta/" />
<meta property="og:locale" content="de_DE" />
<meta property="og:type" content="article" />
<meta property="og:title" content="[:pl]Oferta - Lavendel NaturHaus • Mydła lawendowe • Bukiet lawendy • Kule[:]" />
<meta property="og:description" content="{:pl}W naszym sklepie znajdą Państwo kosmetyki ✓ mydła lawendowe ✓ sadzonki lawendy ✓ pachnidła ✓ olejki eteryczne ✓ maceraty ✓ {:}" />
<meta property="og:url" content="https://lavendelnaturhaus.com/oferta/" />
<meta property="og:site_name" content="Lavendel NaturHaus - plantacja lawendy • sklep internetowy z kosmetykami z lawendy" />
<meta property="article:modified_time" content="2019-08-14T08:29:23+00:00" />
<meta property="og:image" content="https://lavendelnaturhaus.com/wp-content/uploads/2019/05/woreczki-1.png" />
<meta name="twitter:card" content="summary_large_image" />
<script type="application/ld+json" class="yoast-schema-graph">{"@context":"https://schema.org","@graph":[{"@type":"WebPage","@id":"https://lavendelnaturhaus.com/oferta/","url":"https://lavendelnaturhaus.com/oferta/","name":"[:pl]Oferta - Lavendel NaturHaus • Mydła lawendowe • Bukiet lawendy • Kule[:]","isPartOf":{"@id":"https://lavendelnaturhaus.com/#website"},"datePublished":"2019-05-06T13:32:23+00:00","dateModified":"2019-08-14T08:29:23+00:00","description":"{:pl}W naszym sklepie znajdą Państwo kosmetyki ✓ mydła lawendowe ✓ sadzonki lawendy ✓ pachnidła ✓ olejki eteryczne ✓ maceraty ✓ {:}","breadcrumb":{"@id":"https://lavendelnaturhaus.com/oferta/#breadcrumb"},"inLanguage":"de","potentialAction":[{"@type":"ReadAction","target":["https://lavendelnaturhaus.com/oferta/"]}]},{"@type":"BreadcrumbList","@id":"https://lavendelnaturhaus.com/oferta/#breadcrumb","itemListElement":[{"@type":"ListItem","position":1,"name":"Strona główna","item":"https://lavendelnaturhaus.com/"},{"@type":"ListItem","position":2,"name":"Oferta"}]},{"@type":"WebSite","@id":"https://lavendelnaturhaus.com/#website","url":"https://lavendelnaturhaus.com/","name":"Lavendel NaturHaus - plantacja lawendy • sklep internetowy z kosmetykami z lawendy","description":"Zapraszamy do zapoznania się z ofertą sklepu online, a także zachęcamy do odwiedzenia naszej plantacji lawendy.","potentialAction":[{"@type":"SearchAction","target":{"@type":"EntryPoint","urlTemplate":"https://lavendelnaturhaus.com/?s={search_term_string}"},"query-input":"required name=search_term_string"}],"inLanguage":"de"}]}</script>
<!-- / Yoast SEO plugin. -->

Oferta - Lavendel NaturHaus • Mydła lawendowe • Bukiet lawendy • Kule

W naszym sklepie znajdą Państwo kosmetyki ✓ mydła lawendowe ✓ sadzonki lawendy ✓ pachnidła ✓ olejki eteryczne ✓ maceraty ✓

[:pl]Oferta - Lavendel NaturHaus • Mydła lawendowe • Bukiet lawendy • Kule[:]

{:pl}W naszym sklepie znajdą Państwo kosmetyki ✓ mydła lawendowe ✓ sadzonki lawendy ✓ pachnidła ✓ olejki eteryczne ✓ maceraty ✓ {:}

Strona główna

Zapraszamy do zapoznania się z ofertą sklepu online, a także zachęcamy do odwiedzenia naszej plantacji lawendy.
